est common factor of y and m.
3
Let c be ((-135)/(-27))/((-1)/(-3)). Calculate the highest common factor of c and 10.
5
Suppose 451 = 3*o + 22. Suppose 6*t - t - 20 = 0. Suppose 0 = -4*v + 20, -t*s - v = -54 - 3. What is the highest common divisor of o and s?
13
Suppose 0 = 3*w + w + 4*j + 12, 3*j = 3. Let o be ((-7)/2)/(2/w). Calculate the highest common factor of o and 56.
7
Let n(w) = -w**2 + 6*w + 9. Let v be n(7). Suppose -v*a + 56 = 2*a. Let s be (4/8)/(1/a). What is the greatest common factor of 1 and s?
1
Let p = -1 - -4. Suppose -x = p*w - 20, 2*w - 3*x + 0*x - 28 = 0. Let q be (10/w)/(2/8). What is the greatest common factor of q and 45?
5
Suppose 8*f - 25 = 3*f. Suppose 0 = -f*z - 0*z + 40. Calculate the greatest common divisor of z and 12.
4
Let j(b) = -b**3 + 4*b**2 + 2*b - 2. Let w be j(-2). Let q be 3/2 - 3/(-6). What is the greatest common factor of q and w?
2
Let h = 5 - -4. Let f = 4 + h. Calculate the highest common factor of 26 and f.
13
Suppose -3*r = -r - 16. Calculate the highest common divisor of 8 and r.
8
Let s = 0 - 0. Let g = s - -2. What is the highest common factor of 8 and g?
2
Let h(b) = 6*b**2 + b. Suppose 5*q - 3*f - 20 = 0, 5*q + 1 = -2*f - 4. Let v be h(q). Let p = v - -13. What is the greatest common factor of p and 8?
4
Let a = -249 - -370. Suppose 0*u + 21 = l + u, 3*u = 2*l - 47. Suppose -4*h = -22 - l. What is the greatest common factor of h and a?
11
Let k be (-359 + 1)*2/(-2). Suppose -2*x - k = -9*u + 4*u, 0 = -3*x + 3. What is the highest common factor of 8 and u?
8
Let w = -12 + 16. Let c = -1 + 1. Let k be c/(-3) - (-1 + -35). Calculate the highest common factor of w and k.
4
Let p(x) = 3*x**3 + 4*x**2 - 2*x - 3. Let j be p(-3). Let q be (0 + -3)/(3/j). Suppose -4*a + q + 6 = 0. Calculate the highest common factor of 8 and a.
4
Suppose 3*u - 16 = -u. Let k = u - 3. Let n be 4 - (2 + (-1)/k). Calculate the greatest common factor of 24 and n.
3
Suppose 40 = y + 121. Let a = -31 - 23. Let v = a - y. Calculate the highest common factor of 9 and v.
9
Suppose -3*c + 9 = -0*c. What is the highest common factor of c and 2?
1
Let w(u) = 1 + 3*u**2 - u**2 - 8*u**3 + u - 13*u**3 - u**2. Let z be w(-1). Calculate the highest common factor of z and 55.
11
Suppose m - 4*a = 9, 2*a + 3*a = 4*m - 36. Suppose -u = -5*h + h + 322, 397 = 5*h - 4*u. What is the greatest common factor of h and m?
9
Let i(h) = h**2 + 13*h + 10. Let j be i(-13). Suppose 0 = 2*o, -4*o + 111 + 169 = 4*g. What is the highest common divisor of g and j?
10
Let p = 142 + -830. Let u = 1079 + p. Suppose -y = -3*n + 3*y + u, -5*n + 671 = 3*y. Calculate the highest common divisor of 19 and n.
19
Let q(o) = -11*o + 4. Let n be q(-4). Let p = -22 - -38. What is the highest common factor of n and p?
16
Let v(h) = h + 10. Let g be v(-7). Let r be -5 + g + (1 - 0). Let d(i) = -20*i. Let o be d(r). What is the highest common factor of o and 5?
5
Suppose 5*b + n = 66, -b - 3*b = 5*n - 36. What is the highest common divisor of b and 112?
14
Let s be 27 + (0 - (2 - 3)). What is the highest common factor of 308 and s?
28
Suppose 3*n = z + 2*z + 3, 0 = 5*z - 2*n + 11. Let c be ((-9)/6)/z*16. Calculate the highest common factor of 64 and c.
8
Let t(a) = 2*a**2 + 9*a - 1. Let g be t(9). What is the greatest common divisor of g and 22?
22
Let f = 92 - -174. Suppose 0 = 3*c - 12, -a - a + f = -5*c. What is the highest common factor of a and 13?
13
Suppose -2*q + 34 = -2*p, 2*q = q - 2. Let h = p + 27. Suppose -2*f = 3*f - 160. Calculate the greatest common factor of h and f.
8
Suppose -5*v = b - 265, -70 = -4*v - 3*b + 131. Let z(p) = 0 - 2 - p + 0*p. Let c be z(-8). What is the highest common factor of v and c?
6
Let c = 7 + 13. Let w be c/25*130/4. Calculate the highest common divisor of w and 208.
26
Suppose 0 = -8*g + 22 + 114. Calculate the greatest common factor of 68 and g.
17
Let j(h) = 11*h**2 - 2*h - 1. Let k be j(-1). Suppose -5*r = -2*o - 7 - 8, -2*o - k = -4*r. Calculate the highest common divisor of 15 and r.
3
Suppose 105 = -d + 4*d. Calculate the greatest common divisor of 5 and d.
5
Let q = 2 + -10. Let r = q + 16. Calculate the greatest common factor of 1 and r.
1
Let t = 92 + -38. What is the greatest common factor of t and 324?
54
Let g be 10/15 - 471/(-9). What is the greatest common divisor of 265 and g?
53
Let q = 49 - 31. What is the greatest common divisor of q and 12?
6
Let z be ((-9)/(-18))/((-3)/(-180)). Calculate the greatest common divisor of z and 15.
15
Suppose 0 = 6*u - u + 10, -2*c - 2*u + 40 = 0. Calculate the greatest common divisor of c and 11.
11
Let c(k) = 11*k - 2. Let r be c(2). Calculate the greatest common factor of r and 20.
20
Suppose 0 = -3*c - 0 + 6. Suppose -4*r = p - 8, -24 = -5*p - c*r + 16. What is the highest common divisor of 88 and p?
8
Let y = 31 - 20. Let w(m) = 13*m + 9. Let r(a) = -25*a - 19. Let l(i) = -4*r(i) - 7*w(i). Let f be l(y). What is the greatest common factor of f and 16?
16
Suppose -b = 4*l - 1230, b + 1242 = 4*l - 4*b. Calculate the greatest common divisor of 28 and l.
28
Suppose -4*b + 0*b = -4. Let h be 4 + (1 - 3) - b. Let c be -1 - (-67 + 2) - h. What is the highest common divisor of c and 7?
7
Let k(i) = -6*i. Let p be k(-2). Suppose 7*m = 50 + 118. Calculate the greatest common factor of p and m.
12
Let g(q) = -q**3 - 3*q**2 + 6*q - 3. Let x be g(-5). Let l be 0/(5 - 2) - -51. Calculate the highest common divisor of x and l.
17
Let d(o) = -19*o - 3. Let n be d(-2). What is the greatest common factor of 7 and n?
7
Suppose 0 - 14 = -14*r. What is the greatest common divisor of 12 and r?
1
Suppose 3*h + 38 - 146 = 0. Calculate the greatest common divisor of h and 90.
18
Suppose 0 = l - 1, 3*z - 5*l - 49 = 30. What is the greatest common factor of 7 and z?
7
Let y(v) = 17*v - 1. Let b be y(2). Let q = 629 + -365. Calculate the greatest common factor of b and q.
33
Suppose f = -15 + 31. What is the highest common factor of 4 and f?
4
Let u(g) = g - 4. Suppose -7*m + l = -3*m - 21, 0 = 3*m - l - 15. Let w be u(m). Calculate the highest common divisor of w and 4.
2
Suppose g + 4 = 6. Let x be ((-3)/g)/(8/(-16)). What is the greatest common factor of x and 33?
3
Suppose 2 = 2*d - 0*d. Let t be 2 - (2/d)/2. Calculate the highest common divisor of t and 1.
1
Let q = 222 + -118. What is the highest common divisor of q and 13?
13
Let l = 10 + -3. Suppose 0 = 4*j - 5*s - 33, l*j - 5 = 2*j - s. Calculate the highest common factor of 2 and j.
2
Let f(c) = 3 + c + 7 - 4. Let u be f(6). Let z(n) = -3*n - 12. Let l be z(-8). Calculate the highest common factor of l and u.
12
Let n(s) = -s - 2. Let f be n(-4). Suppose -f*k = -46 + 20. Calculate the greatest common divisor of 143 and k.
13
Suppose 2 = v - 1. Let d(r) = 2*r**3 + 1. Let p be d(1). Suppose 5*s + p*m + 7 = 0, 4*m + 24 = v*s + 5. What is the highest common divisor of 1 and s?
1
Let r = -158 + 230. Calculate the highest common divisor of 27 and r.
9
Let w be -2 + 3/6*4. Suppose 3*h - 60 = -w*h. What is the highest common divisor of h and 20?
20
Let u(p) = -4*p**3 + 5*p + 2. Let d be (-13)/5 + (-6)/15. Let h be u(d). What is the highest common factor of h and 38?
19
Suppose -42*t + 29*t = -208. Let o(s) = -s**3 - s**2 + s + 4. Let p be o(0). What is the highest common factor of p and t?
4
Let f = -40 - -78. Calculate the highest common divisor of f and 19.
19
Suppose -g + o + 35 = 0, -o + 19 + 10 = g. Calculate the highest common factor of 4 and g.
4
Let c be 2*2 - 2/(-2). Let o(k) = -2 + 7 - k**2 + 2*k**2. Let p be o(c). What is the highest common factor of 5 and p?
5
Suppose -4*s + 36 = -2*o, -4*o = -9 - 7. What is the greatest common factor of 66 and s?
11
Let q = -9 - -15. Let c be (858*-1)/((-9)/q). Suppose 5*k + c = 9*k. Calculate the highest common factor of 13 and k.
13
Let n = -3 + 15. Suppose -o + n = 3*o. Suppose -2*v + 10 = 3*v. Calculate the highest common factor of v and o.
1
Suppose 12 + 3 = 3*v. Calculate the highest common divisor of v and 20.
5
Let f(x) = x**3 + x + 40. Let q be f(0). What is the greatest common divisor of q and 10?
10
Let u(q) = -q**3 - 4*q**2 + 4*q - 3. Let g be u(-5). Let a be (28/g)/(4 + -2). Calculate the greatest common divisor of 21 and a.
7
Suppose -x + 54 = -0*x. Let q be 1/(-4) + (-3)/4. Let i(r